{"id":67,"date":"2021-10-22T12:15:16","date_gmt":"2021-10-22T10:15:16","guid":{"rendered":"https:\/\/kauto.se\/automation\/?page_id=67"},"modified":"2021-12-01T12:12:08","modified_gmt":"2021-12-01T11:12:08","slug":"forsvar","status":"publish","type":"page","link":"https:\/\/kauto.se\/automation\/forsvar\/","title":{"rendered":"F\u00f6rsvar"},"content":{"rendered":"\n<figure class=\"wp-block-gallery aligncenter columns-2 is-cropped wp-block-gallery-1 is-layout-flex wp-block-gallery-is-layout-flex\"><ul class=\"blocks-gallery-grid\"><li class=\"blocks-gallery-item\"><figure><img loading=\"lazy\" decoding=\"async\" width=\"360\" height=\"280\" src=\"https:\/\/kauto.se\/automation\/wp-content\/uploads\/sites\/2\/2021\/11\/forsvar11.jpg\" alt=\"\" data-id=\"222\" data-full-url=\"https:\/\/kauto.se\/automation\/wp-content\/uploads\/sites\/2\/2021\/11\/forsvar11.jpg\" data-link=\"https:\/\/kauto.se\/automation\/verksamhetsomraden\/forsvar\/forsvar11\/\" class=\"wp-image-222\"\/><\/figure><\/li><li class=\"blocks-gallery-item\"><figure><img loading=\"lazy\" decoding=\"async\" width=\"360\" height=\"280\" src=\"https:\/\/kauto.se\/automation\/wp-content\/uploads\/sites\/2\/2021\/11\/forsvar21.jpg\" alt=\"\" data-id=\"223\" data-full-url=\"https:\/\/kauto.se\/automation\/wp-content\/uploads\/sites\/2\/2021\/11\/forsvar21.jpg\" data-link=\"https:\/\/kauto.se\/automation\/verksamhetsomraden\/forsvar\/forsvar21\/\" class=\"wp-image-223\"\/><\/figure><\/li><\/ul><\/figure>\n\n\n\n<div style=\"height:50px\" aria-hidden=\"true\" class=\"wp-block-spacer\"><\/div>\n\n\n\n<p>KA automation utvecklar och tillverkar styr- och automations-utrustning inom el och pneumatik. V\u00e5ra \u00e5taganden innefattar montage och installation av delsystem, kompletta utrustningar samt drifts\u00e4ttning.<\/p>\n\n\n\n<div style=\"height:50px\" aria-hidden=\"true\" class=\"wp-block-spacer\"><\/div>\n\n\n\n<p>Exempel p\u00e5 utf\u00f6rda tj\u00e4nster:<\/p>\n\n\n\n<ul class=\"wp-block-list\"><li>Mekanisk konstruktion<\/li><li>Elkonstruktion<\/li><li>Programmering av PLC och Scada<\/li><li>Montage av produktionslinjer<\/li><li>Ombyggnad av befintliga produktionslinjer<\/li><li>F\u00f6rebyggande underh\u00e5ll och service p\u00e5 maskinutrustningar<\/li><li>Helhetsl\u00f6sningar f\u00f6r produktionslinjer, s\u00e4kerhetsl\u00f6sningar f\u00f6r bunkrar inneh\u00e5llande spr\u00e4ng\u00e4mneshanterande utrustning<\/li><li>Montage av apparatsk\u00e5p<\/li><\/ul>\n\n\n\n<p><\/p>\n","protected":false},"excerpt":{"rendered":"KA automation utvecklar och tillverkar styr- och automations-utrustning inom el och pneumatik. V\u00e5ra \u00e5taganden innefattar&#8230;","protected":false},"author":1,"featured_media":0,"parent":0,"menu_order":0,"comment_status":"closed","ping_status":"closed","template":"page-narrow.php","meta":{"footnotes":""},"class_list":["post-67","page","type-page","status-publish","hentry"],"yoast_head":"<!-- This site is optimized with the Yoast SEO plugin v17.5 - https:\/\/yoast.com\/wordpress\/plugins\/seo\/ -->\n<meta name=\"robots\" content=\"index, follow, max-snippet:-1, max-image-preview:large, max-video-preview:-1\" \/>\n<link rel=\"canonical\" href=\"https:\/\/kauto.se\/automation\/forsvar\/\" \/>\n<meta property=\"og:locale\" content=\"sv_SE\" \/>\n<meta property=\"og:type\" content=\"article\" \/>\n<meta property=\"og:title\" content=\"F\u00f6rsvar - KA Automation\" \/>\n<meta property=\"og:description\" content=\"KA automation utvecklar och tillverkar styr- och automations-utrustning inom el och pneumatik. V\u00e5ra \u00e5taganden innefattar...\" \/>\n<meta property=\"og:url\" content=\"https:\/\/kauto.se\/automation\/forsvar\/\" \/>\n<meta property=\"og:site_name\" content=\"KA Automation\" \/>\n<meta property=\"article:modified_time\" content=\"2021-12-01T11:12:08+00:00\" \/>\n<meta property=\"og:image\" content=\"https:\/\/kauto.se\/automation\/wp-content\/uploads\/sites\/2\/2021\/11\/forsvar11.jpg\" \/>\n<meta name=\"twitter:card\" content=\"summary_large_image\" \/>\n<meta name=\"twitter:label1\" content=\"Ber\u00e4knad l\u00e4stid\" \/>\n\t<meta name=\"twitter:data1\" content=\"1 minut\" \/>\n<script type=\"application\/ld+json\" class=\"yoast-schema-graph\">{\"@context\":\"https:\/\/schema.org\",\"@graph\":[{\"@type\":\"WebSite\",\"@id\":\"https:\/\/kauto.se\/automation\/#website\",\"url\":\"https:\/\/kauto.se\/automation\/\",\"name\":\"KA Automation\",\"description\":\"\",\"potentialAction\":[{\"@type\":\"SearchAction\",\"target\":{\"@type\":\"EntryPoint\",\"urlTemplate\":\"https:\/\/kauto.se\/automation\/?s={search_term_string}\"},\"query-input\":\"required name=search_term_string\"}],\"inLanguage\":\"sv-SE\"},{\"@type\":\"ImageObject\",\"@id\":\"https:\/\/kauto.se\/automation\/forsvar\/#primaryimage\",\"inLanguage\":\"sv-SE\",\"url\":\"https:\/\/kauto.se\/automation\/wp-content\/uploads\/sites\/2\/2021\/11\/forsvar11.jpg\",\"contentUrl\":\"https:\/\/kauto.se\/automation\/wp-content\/uploads\/sites\/2\/2021\/11\/forsvar11.jpg\",\"width\":360,\"height\":280},{\"@type\":\"WebPage\",\"@id\":\"https:\/\/kauto.se\/automation\/forsvar\/#webpage\",\"url\":\"https:\/\/kauto.se\/automation\/forsvar\/\",\"name\":\"F\\u00f6rsvar - KA Automation\",\"isPartOf\":{\"@id\":\"https:\/\/kauto.se\/automation\/#website\"},\"primaryImageOfPage\":{\"@id\":\"https:\/\/kauto.se\/automation\/forsvar\/#primaryimage\"},\"datePublished\":\"2021-10-22T10:15:16+00:00\",\"dateModified\":\"2021-12-01T11:12:08+00:00\",\"breadcrumb\":{\"@id\":\"https:\/\/kauto.se\/automation\/forsvar\/#breadcrumb\"},\"inLanguage\":\"sv-SE\",\"potentialAction\":[{\"@type\":\"ReadAction\",\"target\":[\"https:\/\/kauto.se\/automation\/forsvar\/\"]}]},{\"@type\":\"BreadcrumbList\",\"@id\":\"https:\/\/kauto.se\/automation\/forsvar\/#breadcrumb\",\"itemListElement\":[{\"@type\":\"ListItem\",\"position\":1,\"name\":\"Home\",\"item\":\"https:\/\/kauto.se\/automation\/\"},{\"@type\":\"ListItem\",\"position\":2,\"name\":\"F\\u00f6rsvar\"}]}]}<\/script>\n<!-- \/ Yoast SEO plugin. -->","yoast_head_json":{"robots":{"index":"index","follow":"follow","max-snippet":"max-snippet:-1","max-image-preview":"max-image-preview:large","max-video-preview":"max-video-preview:-1"},"canonical":"https:\/\/kauto.se\/automation\/forsvar\/","og_locale":"sv_SE","og_type":"article","og_title":"F\u00f6rsvar - KA Automation","og_description":"KA automation utvecklar och tillverkar styr- och automations-utrustning inom el och pneumatik. V\u00e5ra \u00e5taganden innefattar...","og_url":"https:\/\/kauto.se\/automation\/forsvar\/","og_site_name":"KA Automation","article_modified_time":"2021-12-01T11:12:08+00:00","og_image":[{"url":"https:\/\/kauto.se\/automation\/wp-content\/uploads\/sites\/2\/2021\/11\/forsvar11.jpg"}],"twitter_card":"summary_large_image","twitter_misc":{"Ber\u00e4knad l\u00e4stid":"1 minut"},"schema":{"@context":"https:\/\/schema.org","@graph":[{"@type":"WebSite","@id":"https:\/\/kauto.se\/automation\/#website","url":"https:\/\/kauto.se\/automation\/","name":"KA Automation","description":"","potentialAction":[{"@type":"SearchAction","target":{"@type":"EntryPoint","urlTemplate":"https:\/\/kauto.se\/automation\/?s={search_term_string}"},"query-input":"required name=search_term_string"}],"inLanguage":"sv-SE"},{"@type":"ImageObject","@id":"https:\/\/kauto.se\/automation\/forsvar\/#primaryimage","inLanguage":"sv-SE","url":"https:\/\/kauto.se\/automation\/wp-content\/uploads\/sites\/2\/2021\/11\/forsvar11.jpg","contentUrl":"https:\/\/kauto.se\/automation\/wp-content\/uploads\/sites\/2\/2021\/11\/forsvar11.jpg","width":360,"height":280},{"@type":"WebPage","@id":"https:\/\/kauto.se\/automation\/forsvar\/#webpage","url":"https:\/\/kauto.se\/automation\/forsvar\/","name":"F\u00f6rsvar - KA Automation","isPartOf":{"@id":"https:\/\/kauto.se\/automation\/#website"},"primaryImageOfPage":{"@id":"https:\/\/kauto.se\/automation\/forsvar\/#primaryimage"},"datePublished":"2021-10-22T10:15:16+00:00","dateModified":"2021-12-01T11:12:08+00:00","breadcrumb":{"@id":"https:\/\/kauto.se\/automation\/forsvar\/#breadcrumb"},"inLanguage":"sv-SE","potentialAction":[{"@type":"ReadAction","target":["https:\/\/kauto.se\/automation\/forsvar\/"]}]},{"@type":"BreadcrumbList","@id":"https:\/\/kauto.se\/automation\/forsvar\/#breadcrumb","itemListElement":[{"@type":"ListItem","position":1,"name":"Home","item":"https:\/\/kauto.se\/automation\/"},{"@type":"ListItem","position":2,"name":"F\u00f6rsvar"}]}]}},"_links":{"self":[{"href":"https:\/\/kauto.se\/automation\/wp-json\/wp\/v2\/pages\/67","targetHints":{"allow":["GET"]}}],"collection":[{"href":"https:\/\/kauto.se\/automation\/wp-json\/wp\/v2\/pages"}],"about":[{"href":"https:\/\/kauto.se\/automation\/wp-json\/wp\/v2\/types\/page"}],"author":[{"embeddable":true,"href":"https:\/\/kauto.se\/automation\/wp-json\/wp\/v2\/users\/1"}],"replies":[{"embeddable":true,"href":"https:\/\/kauto.se\/automation\/wp-json\/wp\/v2\/comments?post=67"}],"version-history":[{"count":9,"href":"https:\/\/kauto.se\/automation\/wp-json\/wp\/v2\/pages\/67\/revisions"}],"predecessor-version":[{"id":321,"href":"https:\/\/kauto.se\/automation\/wp-json\/wp\/v2\/pages\/67\/revisions\/321"}],"wp:attachment":[{"href":"https:\/\/kauto.se\/automation\/wp-json\/wp\/v2\/media?parent=67"}],"curies":[{"name":"wp","href":"https:\/\/api.w.org\/{rel}","templated":true}]}}